{"version":"1.0","provider_name":"Religious of the Assumption &gt; Province of Europe","provider_url":"https:\/\/assumpta-eu.org\/fr\/","title":"Ouvrir le cercle : Une exp\u00e9rience intercongr\u00e9gationnelle - Religious of the Assumption &gt; Province of Europe","type":"rich","width":600,"height":338,"html":"<blockquote class=\"wp-embedded-content\" data-secret=\"4le553M6qn\"><a href=\"https:\/\/assumpta-eu.org\/fr\/ouvrir-le-cercle-une-experience-intercongregationnelle\/\">Ouvrir le cercle : Une exp\u00e9rience intercongr\u00e9gationnelle<\/a><\/blockquote><iframe sandbox=\"allow-scripts\" security=\"restricted\" src=\"https:\/\/assumpta-eu.org\/fr\/ouvrir-le-cercle-une-experience-intercongregationnelle\/embed\/#?secret=4le553M6qn\" width=\"600\" height=\"338\" title=\"\u00ab\u00a0Ouvrir le cercle : Une exp\u00e9rience intercongr\u00e9gationnelle\u00a0\u00bb &#8212; Religious of the Assumption &gt; Province of Europe\" data-secret=\"4le553M6qn\" frameborder=\"0\" marginwidth=\"0\" marginheight=\"0\" scrolling=\"no\" class=\"wp-embedded-content\"><\/iframe><script type=\"text\/javascript\">\n\/* <![CDATA[ *\/\n\/*! This file is auto-generated *\/\n!function(d,l){\"use strict\";l.querySelector&&d.addEventListener&&\"undefined\"!=typeof URL&&(d.wp=d.wp||{},d.wp.receiveEmbedMessage||(d.wp.receiveEmbedMessage=function(e){var t=e.data;if((t||t.secret||t.message||t.value)&&!\/[^a-zA-Z0-9]\/.test(t.secret)){for(var s,r,n,a=l.querySelectorAll('iframe[data-secret=\"'+t.secret+'\"]'),o=l.querySelectorAll('blockquote[data-secret=\"'+t.secret+'\"]'),c=new RegExp(\"^https?:$\",\"i\"),i=0;i<o.length;i++)o[i].style.display=\"none\";for(i=0;i<a.length;i++)s=a[i],e.source===s.contentWindow&&(s.removeAttribute(\"style\"),\"height\"===t.message?(1e3<(r=parseInt(t.value,10))?r=1e3:~~r<200&&(r=200),s.height=r):\"link\"===t.message&&(r=new URL(s.getAttribute(\"src\")),n=new URL(t.value),c.test(n.protocol))&&n.host===r.host&&l.activeElement===s&&(d.top.location.href=t.value))}},d.addEventListener(\"message\",d.wp.receiveEmbedMessage,!1),l.addEventListener(\"DOMContentLoaded\",function(){for(var e,t,s=l.querySelectorAll(\"iframe.wp-embedded-content\"),r=0;r<s.length;r++)(t=(e=s[r]).getAttribute(\"data-secret\"))||(t=Math.random().toString(36).substring(2,12),e.src+=\"#?secret=\"+t,e.setAttribute(\"data-secret\",t)),e.contentWindow.postMessage({message:\"ready\",secret:t},\"*\")},!1)))}(window,document);\n\/\/# sourceURL=https:\/\/assumpta-eu.org\/wp-includes\/js\/wp-embed.min.js\n\/* ]]> *\/\n<\/script>\n","thumbnail_url":"https:\/\/assumpta-eu.org\/wp-content\/uploads\/2026\/01\/when-to-stop-caregiving.png","thumbnail_width":1800,"thumbnail_height":1200,"description":"Alors que l&rsquo;\u00c9glise continue d&rsquo;inciter la soci\u00e9t\u00e9 \u00e0 adopter une mani\u00e8re synodale d&rsquo;\u00eatre et de vivre, fond\u00e9e sur l&rsquo;\u00e9coute, la collaboration et la responsabilit\u00e9 partag\u00e9e, les communaut\u00e9s religieuses offrent, depuis des g\u00e9n\u00e9rations, un t\u00e9moignage vivant de cette voie. Fa\u00e7onn\u00e9es par des cultures, des charismes et des missions divers, elles ont appris \u00e0 vivre et \u00e0 [&hellip;]"}

Ouvrir le cercle : Une expérience intercongrégationnelle - Religious of the Assumption &gt; Province of Europe

<blockquote class="wp-embedded-content" data-secret="4le553M6qn"><a href="https://assumpta-eu.org/fr/ouvrir-le-cercle-une-experience-intercongregationnelle/">Ouvrir le cercle : Une expérience intercongrégationnelle</a></blockquote><iframe sandbox="allow-scripts" security="restricted" src="https://assumpta-eu.org/fr/ouvrir-le-cercle-une-experience-intercongregationnelle/embed/#?secret=4le553M6qn" width="600" height="338" title="« Ouvrir le cercle : Une expérience intercongrégationnelle » &#8212; Religious of the Assumption &gt; Province of Europe" data-secret="4le553M6qn" frameborder="0" marginwidth="0" marginheight="0" scrolling="no" class="wp-embedded-content"></iframe><script type="text/javascript">
/* <![CDATA[ */
/*! This file is auto-generated */
!function(d,l){"use strict";l.querySelector&&d.addEventListener&&"undefined"!=typeof URL&&(d.wp=d.wp||{},d.wp.receiveEmbedMessage||(d.wp.receiveEmbedMessage=function(e){var t=e.data;if((t||t.secret||t.message||t.value)&&!/[^a-zA-Z0-9]/.test(t.secret)){for(var s,r,n,a=l.querySelectorAll('iframe[data-secret="'+t.secret+'"]'),o=l.querySelectorAll('blockquote[data-secret="'+t.secret+'"]'),c=new RegExp("^https?:$","i"),i=0;i<o.length;i++)o[i].style.display="none";for(i=0;i<a.length;i++)s=a[i],e.source===s.contentWindow&&(s.removeAttribute("style"),"height"===t.message?(1e3<(r=parseInt(t.value,10))?r=1e3:~~r<200&&(r=200),s.height=r):"link"===t.message&&(r=new URL(s.getAttribute("src")),n=new URL(t.value),c.test(n.protocol))&&n.host===r.host&&l.activeElement===s&&(d.top.location.href=t.value))}},d.addEventListener("message",d.wp.receiveEmbedMessage,!1),l.addEventListener("DOMContentLoaded",function(){for(var e,t,s=l.querySelectorAll("iframe.wp-embedded-content"),r=0;r<s.length;r++)(t=(e=s[r]).getAttribute("data-secret"))||(t=Math.random().toString(36).substring(2,12),e.src+="#?secret="+t,e.setAttribute("data-secret",t)),e.contentWindow.postMessage({message:"ready",secret:t},"*")},!1)))}(window,document);
//# sourceURL=https://assumpta-eu.org/wp-includes/js/wp-embed.min.js
/* ]]> */
</script>

Alors que l&rsquo;Église continue d&rsquo;inciter la société à adopter une manière synodale d&rsquo;être et de vivre, fondée sur l&rsquo;écoute, la collaboration et la responsabilité partagée, les communautés religieuses offrent, depuis des générations, un témoignage vivant de cette voie. Façonnées par des cultures, des charismes et des missions divers, elles ont appris à vivre et à [&hellip;]
